
Let j(z) = -z**2 + z + 9. Let q be j(0). Suppose -4*g - 24 = 12. Let b be (2 + g/6)*2. What is the greatest common factor of q and b?
1
Suppose 3*m - m = 0. Suppose 4*q + m*q = 0. Let v be 2 + (3 - q) + -1. Calculate the highest common divisor of v and 10.
2
Suppose -61 = -s - 3*b, -3*s + 62 = -2*s + 2*b. Suppose 4*p + 5*k = 82, -4*p = -0*p - 4*k - s. Calculate the highest common divisor of 9 and p.
9
Let p(x) = x**2 + 13*x - 42. Let i be p(-18). What is the highest common divisor of i and 3?
3
Let k be 10/(-4)*(-24)/2. Suppose -2*i + 6 = -18. What is the greatest common divisor of i and k?
6
Let g be 8/(-16) + 287/2. Calculate the greatest common factor of g and 13.
13
Suppose m + 4 = 3*m. Suppose 2*c - c = -4. Let j be 58/7 - c/(-14). Calculate the greatest common divisor of j and m.
2
Suppose 2*u - u = 3*k - 26, 3*u = 2*k - 29. Suppose 5*n - 405 = 4*z, 0 = -2*n + k*n + 2*z - 375. What is the greatest common factor of 7 and n?
7
Let a = 8 - 2. Let d be a - (3 + -4) - 3. Calculate the highest common factor of 2 and d.
2
Let y = -3 + 36. Let u(d) = -d**2 - 6*d + 2. Let m be u(-6). Suppose -5*n + 65 = m*o, o = n + 2*n - 28. Calculate the highest common divisor of y and n.
11
Let l be 2424/22 + -1*(-16)/(-88). Calculate the highest common factor of 10 and l.
10
Let y be 78 + 4 - 3/(-1). Suppose l = -0*l + y. Calculate the greatest common factor of 34 and l.
17
Suppose -5*f + 7 - 2 = 0. What is the highest common divisor of 12 and f?
1
Suppose 6*t - 5*t - 66 = 0. Calculate the greatest common divisor of 6 and t.
6
Let b(z) = z**3 - 3*z**2 - 7*z - 3. Let u be b(7). Let o be (-4)/((-2 + 1)*1). Suppose o*s = 2*s + 36. Calculate the greatest common divisor of s and u.
18
Let z(a) = -14*a**3 - a**2 - 2*a - 1. Let h be z(-1). Let m = -5 + 0. Let r(l) = l**2 + 6*l + 7. Let y be r(m). Calculate the highest common divisor of h and y.
2
Let o be (-6 + 5)/(-1) - (0 + -35). Calculate the greatest common divisor of o and 9.
9
Let v(m) = m**2 + 4*m - 3. Let t be v(-5). What is the highest common divisor of t and 16?
2
Let h be 27/12*(-4)/1. Let v = 9 - h. Calculate the highest common factor of v and 9.
9
Suppose 2*q - 8 = -5*p + q, 3*q = -6. Suppose p*o = -o + 72. Calculate the greatest common divisor of o and 4.
4
Let v be (-42)/(-8) - 2/8. Let w = -13 - -11. Let n be (-1)/((1 - -1)/w). What is the highest common factor of n and v?
1
Suppose 4*f - 13 = -t + 44, 4*t - 18 = -f. Suppose 0 = -v + 3*v + 100. Let h be (-14)/5*v/5. Calculate the greatest common divisor of h and f.
14
Let y(u) = -u**2 - 4*u - 1. Let k be y(-3). Let h be (1 - (1 + -2))*k. What is the greatest common divisor of 1 and h?
1
Let b be 42/8 + (-3)/12. Calculate the greatest common factor of 10 and b.
5
Let o = 7 - 4. Suppose -5*h + o*z - 44 + 147 = 0, 2*z + 82 = 4*h. Calculate the greatest common divisor of h and 8.
4
Let s = 184 - 58. Let h(m) = -m**3 - 9*m**2 + 10*m + 14. Let c = 4 + -14. Let p be h(c). Calculate the greatest common factor of s and p.
14
Let i(u) = 8*u - 2. Let g be i(2). Calculate the greatest common factor of 21 and g.
7
Let h = 62 - 58. What is the greatest common divisor of h and 28?
4
Let p(f) = -8*f - 23. Let j be p(-4). What is the highest common factor of j and 6?
3
Let v(w) = -w**2 + 14. Let r be v(0). What is the greatest common divisor of 98 and r?
14
Suppose 3*c + 12 - 47 = 2*m, 3*m = 3*c - 30. Calculate the highest common divisor of c and 15.
15
Let a(s) be the first derivative of s**4/4 + 3*s**3 + 4*s**2 + 6*s + 2. Let b be a(-7). What is the highest common divisor of b and 120?
24
Suppose -5*l + 7*l - 20 = 0. Calculate the highest common factor of l and 4.
2
Let h = 102 - 48. Suppose 4 = -t + 10. What is the greatest common divisor of t and h?
6
Let v be 2/(-4)*(-1 - -1). Suppose -3*r = -v*r. Suppose r*h - 2*h = -20. Calculate the highest common factor of h and 15.
5
Let l be ((-30)/(-2))/((-9)/(-48)). Calculate the highest common divisor of 10 and l.
10
Let z = -163 - -228. Calculate the highest common divisor of z and 13.
13
Let j = 31 - 13. Suppose -4*m + j = 2. Suppose -2*s - 2 = 0, -14 = -f + m*s - 3. Calculate the greatest common divisor of 77 and f.
7
Let b(v) = -23*v - 3. Let u be b(-6). Calculate the highest common divisor of 54 and u.
27
Suppose -2*s + 60 - 146 = 0. Let c = s - -113. Let t = c - 48. What is the greatest common factor of 33 and t?
11
Let y = 52 + 22. Let h = y + -44. What is the greatest common factor of 20 and h?
10
Suppose v = -t + 3 + 8, 26 = t - 2*v. Suppose -4*i - 2*s = 3*s - 69, 0 = -3*s + 3. What is the highest common factor of t and i?
16
Suppose -2*f + 1034 = 3*a, 3*f = 5*a + f - 1702. Calculate the greatest common factor of 38 and a.
38
Suppose -2*f = 2*f - 76. Calculate the highest common divisor of f and 171.
19
Let t(u) be the second derivative of 1/2*u**2 + u + 0 + 5/2*u**3. Let m be t(1). Calculate the highest common divisor of 32 and m.
16
Let p(o) = 4*o**2 - 5*o + 10. Let z(r) = 2*r - r - 6*r + 3*r**2 + 9. Let x(s) = -2*p(s) + 3*z(s). Let m be x(6). What is the greatest common factor of m and 13?
13
Let t be 682/4 + (-2)/(-4). Let v = -37 - -56. What is the greatest common divisor of v and t?
19
Let o be (1 + (1 - 2))*1. Suppose o = 5*u - 0*u - 15. Suppose w - 2*w + 1 = 0. What is the greatest common factor of u and w?
1
Suppose -2*q = 4*m - 18, 4*q - 3*m - 16 + 2 = 0. Calculate the greatest common factor of 5 and q.
5
Let g = -21 + 5. Let m = 4 - g. Calculate the greatest common factor of m and 10.
10
Suppose 80*s = 85*s - 10. What is the highest common divisor of s and 16?
2
Suppose -3*m = 2*m. Let h(p) be the first derivative of p**4/4 - p**3/3 - p**2/2 + 36*p - 1. Let y be h(m). Calculate the highest common divisor of y and 12.
12
Let t(z) = z**2 - 3*z + 2. Let m be t(3). Suppose 2*l = -4*u + 28, l + 30 = m*l - 2*u. Calculate the greatest common factor of 22 and l.
22
Let k(y) = 20*y. Let o be k(4). Let u(f) = 0*f**2 + 12*f - 13 - f**2 + 9. Let i be u(10). What is the highest common divisor of o and i?
16
Suppose 0 = -h + j + 2 + 4, 24 = 2*h - 5*j. Let q(z) = z**3 - 11*z**2 - 10*z - 19. Let b be q(12). Calculate the highest common factor of h and b.
1
Let w be (14/3)/((-18)/(-540)). What is the greatest common divisor of w and 20?
20
Let d = -22 - -27. Suppose 2*j + h = 15 + 27, -d*j + 2*h = -105. Calculate the highest common divisor of j and 7.
7
Let b = -8 - -11. Suppose 0 = -5*f + 3*n - 8*n + 155, -b*f = 5*n - 83. Calculate the highest common divisor of f and 18.
18
Suppose -5*h - 2178 = -16*h. Calculate the highest common factor of 22 and h.
22
Suppose -2*p = p - 4*w - 4, -w + 2 = 0. What is the highest common divisor of p and 12?
4
Let t be 506/8 - 2/8. What is the greatest common factor of t and 7?
7
Suppose -4*y + 8 = -68. What is the greatest common divisor of y and 19?
19
Let z = 23 + -11. Suppose 6*f = 3*f + z. Calculate the greatest common divisor of f and 8.
4
Let k(r) be the second derivative of r**5/2 + r**4/3 - 2*r**3/3 + 3*r**2/2 + 2*r. Let u be k(2). Calculate the highest common factor of 13 and u.
13
Let z(h) = -h**2 - 6*h + 8. Let n be z(-6). Suppose 3*b + 9 = -135. Let m = n - b. Calculate the greatest common factor of m and 7.
7
Let v be 2/(-6) - 186/(-18). Let o be 1 + v/(-3)*-3. Suppose -3*w - 2*w + 275 = 0. Calculate the greatest common divisor of w and o.
11
Let t be (-4)/(-6) - (-5)/(-3). Let v = t + 5. Suppose -3*z - 6 = -v*z - c, c - 24 = -3*z. Calculate the greatest common factor of z and 63.
9
Let v = 20 - 10. Suppose 233 = 5*x - 117. Calculate the highest common divisor of v and x.
10
Suppose -b + 8 = -p, 2*p - 5*p + 11 = 4*b. What is the highest common factor of b and 5?
5
Let h be (27/4)/((-2)/(-8)). Let m = -215 - -323. What is the highest common factor of m and h?
27
Suppose 4*f - a - 744 = 0, -211 = -4*f - 4*a + 553. Let n = 24 + -7. Calculate the greatest common divisor of n and f.
17
Suppose 3*s = 5*s + 4. Let h be (0 - 0)*(-1 - s). Suppose -f = -h*f - 2. What is the highest common divisor of f and 3?
1
Suppose 28 = -x - 3*x. Let f be x*4/(-28)*90. Calculate the highest common factor of 30 and f.
30
Let j(k) = 3*k**3 + 8*k**2 - 3*k. Let p be j(3). Calculate the highest common factor of p and 18.
18
Suppose 0 = -3*w - 2*s + 45, 0*w + 5*s = -3*w + 36. What is the greate